+ 2
5
-8 + -1 - (13 - 21)
-1
Calculate 1 + (3 - -3) + -2.
5
(1 - -2) + -1 + 1
3
(5 - (-3 - -2)) + -3 + 2
5
What is -4 - (4 - 3) - (-5 + 1)?
-1
What is the value of (-66 - -61) + 2 + 1?
-2
(11 - 8) + -10 + (2 - -4)
-1
What is the value of -4 + 16 + -8 + 0?
4
Calculate (-3 - -5 - 2 - 0) + -3.
-3
What is 18 + -26 - (1 + -1 + -17)?
9
Evaluate 5 - (6 + (2 - (-3 + 3))).
-3
What is the value of 3 + -4 + -3 - 0?
-4
What is -7 + 7 + -5 + 3 - -3?
1
Calculate (-5 - (5 + -6)) + 7.
3
What is the value of 7 + 7 + -2 + -8?
4
Calculate -11 + 3 + 0 - (2 - 5).
-5
Evaluate -6 + 1 + 4 - 1.
-2
2 - ((6 - 2) + -4) - 2
0
What is the value of 10 + 6 + -25 - -2?
-7
What is -2 + (2 - (-1 + 0)) + 3?
4
What is (-4 - 3) + -14 + 18 - -11?
8
What is 7 + 1 - (0 + -1 + 4)?
5
What is -8 - -5 - (-9 + 7)?
-1
What is the value of (0 - 3) + 2 - -1 - -4?
4
What is -6 + 6 + -3 - (-8 + 5)?
0
Calculate 2 + -2 + 3 - (97 + -92).
-2
Evaluate (-3 - (0 - 2)) + -3.
-4
-1 - (5 - 7) - 0
1
What is the value of 10 + -6 - (8 + -1)?
-3
Evaluate -5 + 14 + -5 + -9.
-5
What is the value of -3 + 6 + -1 + -2?
0
What is (4 - (1 - 0)) + (-186 - -179)?
-4
What is the value of (13 - 21) + (3 - -1)?
-4
What is -9 + -6 + 13 - -3?
1
Evaluate 5 - (10 - (-5 - -10)).
0
5 - (9 + 2) - (2 + 0)
-8
Evaluate 6 + -1 + -2 + 3 + -2.
4
What is the value of (10 - 14) + (1 - 0) + 0?
-3
Evaluate 6 - (25 - (-14 - -27)).
-6
What is -22 + 22 + -3 + (1 - -7)?
5
(5 - (4 - 1)) + 0
2
-1 - (1 - ((-2 - 2) + 3))
-3
Evaluate -4 + (2 - -3) - -1.
2
Calculate 4 + -1 - (11 + -4).
-4
What is the value of 4 + 8 + 3 + -13?
2
Evaluate 3 + (4 - ((-2 - -7) + 4)).
-2
Evaluate -2 + 12 + (3 - 6) - 3.
4
What is -9 - (6 + (-4 - 4))?
-7
Evaluate 7 - (-3 + 11) - (-1 + -2).
2
Evaluate (10 - (0 + 6) - 7) + 5.
2
Calculate 2 + -9 + 3 + 1 + 1.
-2
-6 + (1 - 5) + 6
-4
What is the value of (2 - 3 - -2 - 4) + 5?
2
Calculate 0 + (-9 - (-6 - -1)).
-4
What is the value of -3 + 6 + -2 + 0?
1
What is the value of -16 + 9 + (-1 - (0 - 3))?
-5
What is 1 - 4 - (0 + 2 + -8)?
3
Evaluate 2 - (-5 + 1 - (-4 - -3)).
5
Calculate (7 - 13) + (3 - 2).
-5
What is the value of -7 - (-2 - (-7 - (-3 - 3)))?
-6
Evaluate 7 + 3 - 18 - (0 + -1).
-7
9 - (-4 - (-15 + 8))
6
Calculate 4 + (6 - 6 - (0 - 1)).
5
Evaluate 2 + 3 + -5 + 6 + -12.
-6
(-2 - -1) + -1 - (-1 + 1)
-2
What is -3 - (5 - 3 - (-10 + 13))?
-2
Calculate 6 + -2 + 0 - (8 + -5).
1
Evaluate 2 + -1 + -1 + 5.
5
-11 + 0 + 12 - -1
2
What is (19 - 17) + 2 + 1?
5
Evaluate 0 - 0 - (41 + -37).
-4
Calculate -10 + 8 + -16 + 22.
4
What is the value of (-9 - -5) + 7 + 3 + -4?
2
Calculate 6 - 4 - 4 - -4.
2
What is the value of 28 + -20 - (-1 - -8)?
1
(-49 - -46) + (2 - -2)
1
(2 - 2) + 1 - (4 - 7)
4
Evaluate (1 + -3 + 2 - -8) + -3.
5
What is the value of -9 - (-7 + 4 + -1)?
-5
Evaluate -8 + -2 + 9 - 2.
-3
Calculate (6 - 8) + 5 + -12.
-9
What is (9 - 3) + -9 + (0 - -3)?
0
2 - (5 + (4 - 4))
-3
What is the value of -6 + 4 + (15 - 9)?
4
6 - ((-8 - -2) + 12)
0
Evaluate -9 + 3 - -2 - -10.
6
(-6 + 1 - -1) + 2 - -5
3
Calculate 2 - -1 - (4 - 4).
3
What is the value of -4 - 3 - -14 - 13?
-6
Calculate -5 + 12 - (0 + 2).
5
-2 + (10 + -11 - (3 + -3))
-3
What is the value of -5 - (3 + 0 - -2) - -5?
-5
Calculate 1 + -12 + (-158 - -174).
5
Calculate 7 + -2 - (16 + -13).
2
What is (-1 - -3) + 8 + -15?
-5
-3 + -2 + 6 + 0
1
Evaluate -3 + (-1 - (-8 + 8)).
-4
Evaluate 3 + (5 + -7 - 5) - -8.
4
What is (-2 - 5) + -2 + 1?
-8
Calculate -11 - -17 - (5 + 3).
-2
What is (-5 - 0) + -4 + 7 + 2?
0
What is the value of 7 - (-2 - 7 - -17)?
-1
What is the value of 15 - 16 - (0 - 0)?
-1
Calculate -1 - -1 - (1 - 5 - 1).
5
What is (-5 - 3) + 5 - -4?
1
What is (3 - -9) + -2 + -6 + 1?
5
What is -3 - 0 - (13 - 14)?
-2
Calculate 1 - (1 + 0 - -9).
-9
What is (-3 - 7) + -7 + 9?
-8
What is the value of -1 + (0 - 4 - (5 - 4))?
-6
6 + -1 + (9 - (-3 + 10))
7
What is 3 + -5 + -3 - (-1 + -1)?
-3
Evaluate 4 - (5 + (0 - -1) - 3).
1
Calculate ((7 - 1) + -15 - -6) + 8.
5
Evaluate -19 + 19 + 3 + -2 + -4.
-3
Evaluate -16 - (-7 + -8 + 7).
-8
8 - (-4 + -4 + 11 + 0)
5
What is the value of 4 + 2 + -3 + -7 + 9?
5
Evaluate (-3 + 7 + -4 - 0) + -5.
-5
Calculate 1 + 1 + 1 + -7 - -1.
-3
What is -3 + 8 - (0 + 5)?
0
Evaluate 5 + 0 + (-5 - (-2 + 3)).
-1
What is 1 - (5 + -8 + 1)?
3
What is (-2 - -2) + 1 + -9 + 8?
0
Evaluate (0 - (-1 - 1 - 0)) + -5.
-3
What is the value of (-3 - -5) + (-2 - -6 - 10)?
-4
Evaluate -8 - (3 + (-10 - 7)).
6
-2 + (-2 - (5 + -11)) - -4
6
13 - 2 - (10 + -11 + 8)
4
Evaluate -2 + -4 + 6 + -4.
-4
Calculate 9 + (-11 - 2) - (3 + 1).
-8
Evaluate (-1 - 7) + (-19 + 44 - 24).
-7
Calculate 9 - (-12 + 20) - (5 - 1).
-3
Evaluate -4 - (-2 - -1) - -6.
3
What is the value of 0 + -6 + 0 + (6 - 0)?
0
-1 - (-2 + 9 + -3) - 0
-5
Calculate -14 + (7 + -16 - -22).
-1
What is (0 - 5) + (4 - -6) + -1?
4
Evaluate 3 + (-5 - (-2 + 4)) + 6.
2
Calculate -4 - (-2 - (4 + -4 + 7)).
5
What is 2 - 1 - (11 + -12)?
2
What is -32 - -23 - (-14 + 2)?
3
What is (2 - 8) + (10 - (13 - 4))?
-5
Calculate (-1 - (4 - 3 - 3)) + -6.
-5
(-2 - (8 - (1 - -4))) + 0
-5
Calculate -1 + 3 - (-4 + 3 - -8).
-5
Calculate -1 - (-2 - -9 - 3 - -2).
-7
Evaluate 17 + -10 - 7 - 9.
-9
Evaluate 4 - -2 - (4 - 0 - 3).
5
What is (0 - 1) + (-1 - -5)?
3
What is the value of 3 - (1 - (6 + -2 + -7))?
-1
Calculate -2 + (8 - 2) + (-3 - -3).
4
What is (11 - 17) + (-2 - -6)?
-2
Calculate -3 + (-3 - (2 + -1) - -7).
0
Evaluate (-1 - -2) + 135 + -133.
3
What is 3 + (6 + -6 - 2) + 5?
6
What is the value of (-27 - -24 - (1 - 4)) + 6?
6
What is the value of -4 - 1 - -3 - -1?
-1
-1 - 1 - (11 - (5 - -10))
2
What is (3 - 9) + 5 + -6 + -1?
-8
What is (0 - -1) + 4 + 2 - 4?
3
6 - (-1 + 5 - -9)
-7
Calculate -5 - -4 - (0 + 2 + 0).
-3
Evaluate 5 - 4 - (1 - -3) - -5.
2
Calculate (-1 - (3 + -8)) + (-7 - 4).
-7
Calculate -3 + (-1 + -4 - -11).
3
Evaluate 28 - 30 - (-1 - -1) - -1.
-1
0 - ((4 - 9) + 9)
-4
-12 + 3 + 0 - -5
-4
What is -8 + 2 + 15 - 4?
5
11 + (-1 - 13 - -7)
4
What is -3 + (4 - 9) + -3 + 12?
1
3 + -3 + 3 + (11 - 5)
9
Evaluate (34 - 37) + (1 + 6 - -1).
5
Calculate (14 - 19) + 1 + 0 + 11.
7
Evaluate 4 + 0 + (-2 - 4) + 2.
0
Calculate -2 + 0 - 6 - -4.
-4
What is 10 + -10 + (2 - -1) - 5?
-2
Evaluate (10 - -2) + -4 - (16 - 10).
2
(-941 - -943) + -1 + 0 + -1
0
-1 - -3 - (4 - -3)
-5
Calculate 3 - (13 + 12 + -16).
-6
-2 - -3 - (0 - -4)
-3
(-5 - -2) + 5 + 0 + -3
-1
What is -18 - -10 - -7 - (-3 + 0)?
2
Evaluate 6 + -6 + (-2 - -4).
2
What is -2 + 6 + -1 + 8 + -20?
-9
What is the value of -2 + 1 + 5 + -8 + 5?
1
Calculate -4 + 1 + -5 + (-3 - -9).
-2
What is 1 + -2 + 3 - -2 - 0?
4
Calculate 5 + -10 + 5 + 3.
3
Calculate 6 + (-8 - (-3 + (1 - 1))).
1
What is the value of 2 - (-7 + -1 + 5)?
5
Calculate (-7 - -2) + -29 + 34.
0
(6 - (4 + -2)) + -3 + -1
0
Calculate (23 - (-2 + 3)) + -13.
9
What is (-3 - 0) + 3 - -2 - -1?
3
Evaluate (-16 - -14) + -1 + 2.
-1
(1 + -1 - (-4 - -1)) + -3
0
0 - 1 - (-4 + 0 + 4)
-1
Calculate (-2 - (5 + -10 + 4)) + 6.
5
What is the value of 0 - 1 - (-18 + -3 + 22)?
-2
Evaluate 24 + -29 + (-3 - -3).
-5
What is the value of -4 + -1 + 18 + -14?
-1
What is the value of 6 + (-1 - (9 + -3))?
-1
Evaluate 0 - (-14 + 3 - -3).
8
(3 - (-13 - -10)) + -10
-4
What is 5 - (4 + 2 + -1)?
0
What is (7 - 6) + (-2 - 2)?
-3
What is -7 + -4 + (-6 - -7 - -3)?
-7
-4 - (5 - (16 + -5))
2
What is -14 - -23 - (0 + 3 + 3)?
3
What is the value of 1 + (-2 - -3) + 0 - 2?
0
What is the value of 4 + (2 - 6) + 6 - 5?
1
0 - ((5 - 6) + (4 - 8))
5
What is the value of (-4 - -7) + 1 + -4?
0
What is the value of 7 + -4 + (6 - 4) + -6?
-1
What is -2 - -4 - 0 - 1?
1
Evaluate -21 + 11 - -15 - (0 - -1).
4
What is the value of 0 - 0 - (-1 - (3 - 3))?
1
Calculate 9 + -14 + 0 + 3 + -4.
-6
What is the value of 10 + (-2 - (7 - 6 - 0))?
7
Evaluate (-2 - (6 - 4)) + 3 + 2.
1
Calculate (2 - 9) + (7 - (0 - -6)).
-6
Calculate (-3 - -8 - 3) + (1 - -1).
4
Evaluate 9 - (3 + -1) - (-2 + 5).
4
What is the value of 3 + 2 + -1 + 1 + -4?
1
Calculate 1 - (0 + (4 - 5)) - 6.
-4
Evaluate (-7 - -6) + -3 + 1.
-3
What is 2 - (0 - 3) - 8?
-3
Evaluate (-1 + -2 - -4) + -1 - 1.
-1
Calculate (-13 - -15 - (1 - 4)) + -4.
1
Calculate -6 - -1 - (14 - 24).
5
What is -9 + 8 + -3 + 11?
7
Evaluate 5 + -4 - (13 - 20).
8
What is -4 + 2 + (2 - 1) + -3?
-4
Calculate 3 + (-11 + 8 - 6).
-6
What is the value of -7 + 1 + 8 + -6?
-4
What is (3 - 14) + (5